y 23?
18
What is the remainder when 79 is divided by 40?
39
What is the remainder when 956 is divided by 64?
60
What is the remainder when 240 is divided by 35?
30
Calculate the remainder when 25 is divided by 20.
5
What is the remainder when 378 is divided by 10?
8
What is the remainder when 1708 is divided by 30?
28
What is the remainder when 2398 is divided by 60?
58
Calculate the remainder when 4641 is divided by 129.
126
Calculate the remainder when 78 is divided by 20.
18
What is the remainder when 2177 is divided by 73?
60
Calculate the remainder when 459 is divided by 35.
4
Calculate the remainder when 117 is divided by 41.
35
What is the remainder when 530 is divided by 57?
17
What is the remainder when 3262 is divided by 182?
168
What is the remainder when 159 is divided by 16?
15
What is the remainder when 1156 is divided by 61?
58
Calculate the remainder when 51 is divided by 14.
9
What is the remainder when 67 is divided by 56?
11
Calculate the remainder when 458 is divided by 93.
86
What is the remainder when 257 is divided by 70?
47
Calculate the remainder when 623 is divided by 5.
3
What is the remainder when 1075 is divided by 215?
0
Calculate the remainder when 97 is divided by 14.
13
Calculate the remainder when 532 is divided by 170.
22
Calculate the remainder when 18 is divided by 7.
4
Calculate the remainder when 159 is divided by 6.
3
What is the remainder when 40 is divided by 23?
17
Calculate the remainder when 67 is divided by 11.
1
Calculate the remainder when 510 is divided by 11.
4
What is the remainder when 326 is divided by 10?
6
What is the remainder when 1760 is divided by 218?
16
What is the remainder when 661 is divided by 325?
11
Calculate the remainder when 827 is divided by 784.
43
Calculate the remainder when 169 is divided by 89.
80
Calculate the remainder when 2 is divided by 2.
0
What is the remainder when 216 is divided by 207?
9
Calculate the remainder when 6577 is divided by 26.
25
Calculate the remainder when 411 is divided by 75.
36
Calculate the remainder when 86 is divided by 5.
1
What is the remainder when 520 is divided by 89?
75
Calculate the remainder when 642 is divided by 23.
21
What is the remainder when 141 is divided by 46?
3
What is the remainder when 158 is divided by 32?
30
What is the remainder when 14 is divided by 5?
4
What is the remainder when 921 is divided by 44?
41
What is the remainder when 1429 is divided by 27?
25
What is the remainder when 240 is divided by 114?
12
What is the remainder when 11612 is divided by 79?
78
What is the remainder when 155 is divided by 71?
13
What is the remainder when 1883 is divided by 23?
20
Calculate the remainder when 88 is divided by 18.
16
Calculate the remainder when 3645 is divided by 216.
189
Calculate the remainder when 2285 is divided by 570.
5
Calculate the remainder when 621 is divided by 305.
11
What is the remainder when 967 is divided by 17?
15
Calculate the remainder when 2678 is divided by 5.
3
What is the remainder when 479 is divided by 21?
17
Calculate the remainder when 9490 is divided by 15.
10
Calculate the remainder when 1627 is divided by 37.
36
What is the remainder when 121 is divided by 34?
19
What is the remainder when 6713 is divided by 23?
20
Calculate the remainder when 2897 is divided by 13.
11
What is the remainder when 18751 is divided by 2083?
4
Calculate the remainder when 42 is divided by 8.
2
What is the remainder when 817 is divided by 202?
9
What is the remainder when 513 is divided by 165?
18
What is the remainder when 931 is divided by 86?
71
Calculate the remainder when 32173 is divided by 33.
31
What is the remainder when 165 is divided by 28?
25
Calculate the remainder when 31 is divided by 13.
5
Calculate the remainder when 1128 is divided by 13.
10
Calculate the remainder when 84 is divided by 83.
1
What is the remainder when 715 is divided by 345?
25
What is the remainder when 1008 is divided by 94?
68
Calculate the remainder when 211 is divided by 42.
1
Calculate the remainder when 527 is divided by 23.
21
What is the remainder when 597 is divided by 12?
9
Calculate the remainder when 134 is divided by 17.
15
Calculate the remainder when 2956 is divided by 3.
1
Calculate the remainder when 6153 is divided by 3.
0
Calculate the remainder when 134 is divided by 68.
66
What is the remainder when 6674 is divided by 15?
14
Calculate the remainder when 2811 is divided by 7.
4
Calculate the remainder when 582 is divided by 83.
1
Calculate the remainder when 1052 is divided by 81.
80
Calculate the remainder when 1257 is divided by 29.
10
Calculate the remainder when 370 is divided by 149.
72
Calculate the remainder when 6712 is divided by 137.
136
What is the remainder when 609 is divided by 603?
6
What is the remainder when 11 is divided by 6?
5
What is the remainder when 696 is divided by 27?
21
What is the remainder when 93 is divided by 18?
3
What is the remainder when 472 is divided by 14?
10
What is the remainder when 5252 is divided by 72?
68
Calculate the remainder when 479 is divided by 37.
35
What is the remainder when 1214 is divided by 404?
2
What is the remainder when 100 is divided by 2?
0
Calculate the remainder when 3047 is divided by 50.
47
Calculate the remainder when 203 is divided by 58.
29
Calculate the remainder when 285 is divided by 9.
6
Calculate the remainder when 1994 is divided by 167.
157
Calculate the remainder when 660 is divided by 95.
90
Calculate the remainder when 1858 is divided by 93.
91
Calculate the remainder when 200 is divided by 39.
5
What is the remainder when 4635 is divided by 926?
5
What is the remainder when 249 is divided by 71?
36
Calculate the remainder when 156 is divided by 62.
32
What is the remainder when 123 is divided by 25?
23
Calculate the remainder when 2836 is divided by 50.
36
What is the remainder when 99 is divided by 43?
13
Calculate the remainder when 345 is divided by 253.
92
Calculate the remainder when 781 is divided by 22.
11
What is the remainder when 1968 is divided by 137?
50
Calculate the remainder when 1038 is divided by 62.
46
What is the remainder when 231 is divided by 112?
7
What is the remainder when 247 is divided by 6?
1
Calculate the remainder when 3647 is divided by 126.
119
What is the remainder when 248 is divided by 21?
17
What is the remainder when 357 is divided by 61?
52
What is the remainder when 141 is divided by 52?
37
What is the remainder when 260 is divided by 59?
24
Calculate the remainder when 51 is divided by 12.
3
What is the remainder when 915 is divided by 102?
99
Calculate the remainder when 14892 is divided by 19.
15
Calculate the remainder when 568 is divided by 30.
28
Calculate the remainder when 42815 is divided by 79.
76
Calculate the remainder when 431 is divided by 68.
23
Calculate the remainder when 965 is divided by 121.
118
Calculate the remainder when 7912 is divided by 89.
80
What is the remainder when 3638 is divided by 5?
3
Calculate the remainder when 905 is divided by 235.
200
What is the remainder when 152 is divided by 42?
26
What is the remainder when 3924 is divided by 131?
125
What is the remainder when 86 is divided by 8?
6
Calculate the remainder when 392 is divided by 23.
1
What is the remainder when 35 is divided by 33?
2
What is the remainder when 28 is divided by 20?
8
Calculate the remainder when 36 is divided by 7.
1
Calculate the remainder when 824 is divided by 166.
160
Calculate the remainder when 29467 is divided by 35.
32
What is the remainder when 218 is divided by 56?
50
What is the remainder when 43 is divided by 16?
11
Calculate the remainder when 506 is divided by 4.
2
What is the remainder when 366 is divided by 37?
33
Calculate the remainder when 186 is divided by 63.
60
What is the remainder when 135 is divided by 37?
24
Calculate the remainder when 103 is divided by 27.
22
Calculate the remainder when 6 is divided by 2.
0
Calculate the remainder when 1150 is divided by 72.
70
What is the remainder when 109 is divided by 19?
14
What is the remainder when 387 is divided by 15?
12
Calculate the remainder when 293 is divided by 5.
3
What is the remainder when 3021 is divided by 7?
4
Calculate the remainder when 40 is divided by 2.
0
What is the remainder when